12 divide 66192?
True
Is 303840 a multiple of 26?
False
Does 662 divide 1234768?
False
Is 193476 a multiple of 102?
False
Is 23 a factor of 49910?
True
Does 281 divide 50299?
True
Does 14 divide 699405?
False
Does 1572 divide 1515408?
True
Is 17 a factor of 716142?
True
Is 9734343 a multiple of 41?
True
Does 54 divide 112767?
False
Is 726 a factor of 10803606?
True
Is 147460 a multiple of 146?
True
Does 40 divide 9802?
False
Does 23 divide 2309?
False
Is 38 a factor of 140208?
False
Is 1315499 a multiple of 11?
False
Is 6 a factor of 58741?
False
Is 1135098 a multiple of 57?
True
Is 304623 a multiple of 23?
False
Is 246 a factor of 3658479?
False
Is 18671 a multiple of 46?
False
Does 4 divide 32468?
True
Is 100 a factor of 524584?
False
Is 24 a factor of 1228850?
False
Does 929 divide 2661488?
False
Does 5 divide 8567?
False
Does 7 divide 409955?
True
Is 7529856 a multiple of 8?
True
Is 1304377 a multiple of 174?
False
Is 174136 a multiple of 39?
False
Is 1252575 a multiple of 690?
False
Is 176 a factor of 1262544?
False
Is 3 a factor of 32040?
True
Is 13 a factor of 58805?
False
Does 252 divide 172303?
False
Is 395504 a multiple of 12?
False
Does 605 divide 3150602?
False
Is 4220661 a multiple of 21?
False
Does 427 divide 15887816?
True
Is 1043608 a multiple of 146?
True
Does 137 divide 286227?
False
Does 7 divide 257430?
False
Does 198 divide 590832?
True
Is 240198 a multiple of 147?
True
Is 6 a factor of 930968?
False
Does 120 divide 48810?
False
Is 199 a factor of 314906?
False
Is 7 a factor of 1622743?
False
Does 54 divide 256367?
False
Does 34 divide 66122?
False
Is 27903 a multiple of 16?
False
Does 166 divide 45152?
True
Is 14901 a multiple of 37?
False
Does 28 divide 37940?
True
Does 71 divide 2462344?
False
Does 7 divide 2298807?
True
Is 5070220 a multiple of 316?
True
Is 224224 a multiple of 77?
True
Does 24 divide 2232488?
False
Does 74 divide 88406?
False
Is 55557 a multiple of 9?
True
Is 1280544 a multiple of 518?
False
Is 340844 a multiple of 49?
True
Is 7552 a multiple of 4?
True
Is 1749326 a multiple of 43?
True
Does 10 divide 1099440?
True
Does 378 divide 1431108?
True
Does 82 divide 237308?
True
Does 152 divide 1232502?
False
Does 126 divide 6453342?
True
Is 51668 a multiple of 104?
False
Is 257868 a multiple of 342?
True
Does 930 divide 3723720?
True
Does 72 divide 2919744?
True
Is 396 a factor of 102035?
False
Is 7175564 a multiple of 374?
True
Does 34 divide 2952046?
False
Is 27 a factor of 323838?
True
Is 16 a factor of 60443?
False
Is 2265722 a multiple of 4?
False
Does 2014 divide 14429401?
False
Does 121 divide 4813570?
False
Does 5 divide 59788?
False
Is 29 a factor of 2384?
False
Is 310498 a multiple of 28?
False
Is 4515644 a multiple of 11?
False
Is 311 a factor of 313083?
False
Is 1296360 a multiple of 120?
True
Does 24 divide 192912?
True
Is 300 a factor of 772800?
True
Does 3 divide 185153?
False
Does 150 divide 73953?
False
Is 776910 a multiple of 5?
True
Is 398 a factor of 2596884?
False
Is 9689690 a multiple of 10?
True
Does 63 divide 165427?
False
Does 32 divide 2501097?
False
Does 239 divide 862790?
True
Is 169152 a multiple of 32?
True
Does 17 divide 209849?
False
Is 15 a factor of 59924?
False
Does 78 divide 252972?
False
Does 579 divide 7170294?
False
Is 2074311 a multiple of 218?
False
Does 82 divide 8036?
True
Does 3 divide 317103?
True
Is 251 a factor of 690891?
False
Does 13 divide 100916?
False
Does 75 divide 383700?
True
Is 16 a factor of 750768?
True
Is 4311677 a multiple of 59?
False
Is 9945048 a multiple of 24?
True
Is 25 a factor of 455150?
True
Is 84 a factor of 95903?
False
Is 1001160 a multiple of 120?
True
Is 464 a factor of 584532?
False
Does 40 divide 1672320?
True
Is 71 a factor of 997337?
True
Is 58590 a multiple of 63?
True
Is 116827 a multiple of 292?
False
Is 15 a factor of 962895?
True
Is 41 a factor of 1049233?
False
Is 638928 a multiple of 108?
True
Is 406092 a multiple of 129?
True
Is 45480 a multiple of 161?
False
Is 597501 a multiple of 9?
True
Is 496588 a multiple of 25?
False
Is 582836 a multiple of 330?
False
Is 124 a factor of 1190524?
True
Is 274 a factor of 327089?
False
Does 513 divide 4100922?
True
Does 9 divide 1639?
False
Is 43 a factor of 1155076?
False
Is 21507 a multiple of 21?
False
Does 3 divide 104079?
True
Is 22685 a multiple of 137?
False
Does 11 divide 5974029?
False
Is 64451 a multiple of 23?
False
Does 141 divide 3124137?
True
Is 3429618 a multiple of 24?
False
Is 1574696 a multiple of 632?
False
Is 65517 a multiple of 96?
False
Is 1069816 a multiple of 2?
True
Is 743926 a multiple of 19?
True
Is 1350 a factor of 9197550?
True
Is 877995 a multiple of 15?
True
Is 1234525 a multiple of 23?
True
Is 101058 a multiple of 73?
False
Is 19 a factor of 891202?
False
Is 97 a factor of 4477454?
False
Does 18 divide 163830?
False
Is 1778580 a multiple of 60?
True
Is 9 a factor of 3299145?
False
Is 202665 a multiple of 177?
True
Does 107 divide 768581?
True
Is 11978442 a multiple of 347?
False
Is 479 a factor of 114002?
True
Does 160 divide 1232480?
True
Does 80 divide 13928121?
False
Does 7 divide 1339612?
False
Is 6 a factor of 5272?
False
Does 8 divide 35096?
True
Does 37 divide 1144743?
True
Is 187159 a multiple of 417?
False
Is 373240 a multiple of 7?
True
Is 249 a factor of 1732180?
False
Does 19 divide 340821?
False
Is 963583 a multiple of 223?
True
Is 129510 a multiple of 90?
True
Is 13455428 a multiple of 1484?
True
Is 13 a factor of 10840167?
True
Is 223 a factor of 469370?
False
Is 331177 a multiple of 253?
True
Is 3 a factor of 63968?
False
Is 11 a factor of 4950891?
True
Is 4 a factor of 631744?
True
Does 24 divide 27960?
True
Is 109 a factor of 61776?
False
Is 53257 a multiple of 5?
False
Does 284 divide 266094?
False
Does 1259 divide 1411437?
False
Does 241 divide 186752?
False
Is 86 a factor of 395647?
False
Is 19 a factor of 6666777?
True
Is 17256952 a multiple of 119?
False
Does 13 divide 113267?
False
Is 37 a factor of 842564?
True
Is 16 a factor of 56724?
False
Is 184 a factor of 191066?
False
Is 57 a factor of 4584407?
False
Does 101 divide 1266295?
False
Does 23 divide 735614?
False
Is 48660 a multiple of 10?
True
Is 298350 a multiple of 13?
True
Is 530 a factor of 1595539?
False
Is 1385397 a multiple of 351?
True
Is 474184 a multiple of 8?
True
Is 41 a factor of 2659259?
False
Does 15 divide 219855?
True
Is 356538 a multiple of 63?
False
Is 186 a factor of 4605732?
True
Is 1321119 even?
False
Is 722 a factor of 367904?
False
Is 43875 a multiple of 135?
True
Does 201 divide 38704?
False
Is 366352 a multiple of 69?
False
Is 1049099 a multiple of 507?
False
Is 13 a factor of 12062?
False
Is 16 a factor of 267216?
True
Does 282 divide 20983511?
False
Does 23 divide 1268956?
True
Does 258 divide 1091633?
False
Does 137 divide 214953?
True
Does 21 divide 1649924?
False
Is 534 a factor of 7908540?
True
Is 235984 a multiple of 196?
True
Does 631 divide 7211116?
False
Is 79 a factor of 398792?
True
Is 314960 a multiple of 124?
True
Is 2865132 a multiple of 111?
True
Is 96660 a multiple of 9?
True
Is 18 a factor of 5183838?
True
Is 1539274 a multiple of 341?
True
Is 210 a factor of 130421?
False
Does 1124 divide 2197724?
False
Is 17 a factor of 145191?
False
Is 112440 a multiple of 120?
True
Does 4 divide 15420?
True
Is 19 a factor of 1210699?
True
Is 4 a factor of 3183946?
False
Does 209 divide 91073?
False
Is 547 a factor of 3376631?
True
Does 18 divide 70713?
False
Is 7 a factor of 52206?
True
Is 2772 a multiple of 3?
True
Does 153 divide 1578?
False
Is 1386066 a multiple of 11?
True
Is 66 a factor of 54178?
False
Is 30 a factor of 2031336?
False
Is 3 a factor of 107247?
True
Does 24 divide 1015680?
True
Is 9 a factor of 1647864?
True
Is 9 a factor of 481492?
False
Is 71 a factor of 153573?
True
Does 87 divide 85086?
True
Is 2239225 a multiple of 7?
False
Is 39 a factor of 47947?
False
Does 79 divide 698755?
True
Is 108220 a multiple of 14?
True
Does 15 divide 65095?
False
Is 1286952 a multiple of 91?
False
Does 191 divide 20595?
False
Does 173 divide 18419239?
False
Is 1299456 a multiple of 144?
True
Does 29 divide 6623078?
True
Is 168 a factor of 87192?
True
Is 661292 a multiple of 14?
False
Is 2 a factor of 211571?
False
Is 9720 a multiple of 12?